 the remainder when 38456 is divided by 1364.
264
What is the remainder when 5358587 is divided by 382?
273
What is the remainder when 4367515 is divided by 5055?
5050
What is the remainder when 58696 is divided by 5211?
1375
Calculate the remainder when 59731 is divided by 622.
19
Calculate the remainder when 299771 is divided by 2498.
11
What is the remainder when 71769 is divided by 506?
423
What is the remainder when 12776 is divided by 9869?
2907
Calculate the remainder when 229568 is divided by 1038.
170
What is the remainder when 1155982 is divided by 191?
50
What is the remainder when 252541 is divided by 73?
34
What is the remainder when 544386 is divided by 1055?
6
Calculate the remainder when 880559 is divided by 1072.
447
Calculate the remainder when 44437985 is divided by 529023.
53
Calculate the remainder when 2833411 is divided by 708.
703
What is the remainder when 133321 is divided by 2467?
103
What is the remainder when 23993 is divided by 368?
73
Calculate the remainder when 495310 is divided by 7189.
6458
Calculate the remainder when 930648 is divided by 1653.
9
Calculate the remainder when 479275 is divided by 59857.
419
What is the remainder when 707729 is divided by 924?
869
Calculate the remainder when 615738 is divided by 144.
138
Calculate the remainder when 1101667 is divided by 556.
231
Calculate the remainder when 2063401 is divided by 778.
145
Calculate the remainder when 482764 is divided by 66.
40
What is the remainder when 123751 is divided by 1301?
156
Calculate the remainder when 34775400 is divided by 716.
712
What is the remainder when 2024986 is divided by 1012406?
174
What is the remainder when 84168634 is divided by 12?
10
Calculate the remainder when 73925184 is divided by 334503.
21
Calculate the remainder when 818882 is divided by 496.
482
What is the remainder when 16329147 is divided by 23?
21
What is the remainder when 835599 is divided by 634?
621
Calculate the remainder when 230615761 is divided by 19217979.
13
What is the remainder when 8758376 is divided by 364931?
32
Calculate the remainder when 175055 is divided by 58336.
47
Calculate the remainder when 60066600 is divided by 6674066.
6
What is the remainder when 115603 is divided by 115511?
92
What is the remainder when 4376343 is divided by 33154?
15
Calculate the remainder when 666106 is divided by 1682.
34
Calculate the remainder when 202236 is divided by 100717.
802
Calculate the remainder when 1347326 is divided by 4022.
3978
What is the remainder when 1225134 is divided by 12011?
12
What is the remainder when 160982 is divided by 1412?
14
What is the remainder when 1895493 is divided by 107?
95
Calculate the remainder when 285902 is divided by 8.
6
What is the remainder when 415363 is divided by 103838?
11
What is the remainder when 1090075 is divided by 77860?
35
Calculate the remainder when 152965 is divided by 433.
116
Calculate the remainder when 91583934 is divided by 244.
242
Calculate the remainder when 3215889 is divided by 1345.
1339
What is the remainder when 8783572 is divided by 560?
532
What is the remainder when 14052898 is divided by 4684297?
7
Calculate the remainder when 51256951 is divided by 61.
54
Calculate the remainder when 10481417 is divided by 13.
11
Calculate the remainder when 8524145 is divided by 2018.
113
Calculate the remainder when 649294250 is divided by 18.
14
What is the remainder when 579479 is divided by 115584?
1559
Calculate the remainder when 5196279 is divided by 546.
543
Calculate the remainder when 1805136 is divided by 9.
6
Calculate the remainder when 84026163 is divided by 1267.
1257
Calculate the remainder when 112136 is divided by 479.
50
What is the remainder when 33216 is divided by 2031?
720
What is the remainder when 3172455 is divided by 399?
6
What is the remainder when 381345 is divided by 6246?
339
What is the remainder when 32764031 is divided by 162?
17
Calculate the remainder when 557062 is divided by 25318.
66
Calculate the remainder when 16551046 is divided by 39.
31
Calculate the remainder when 16587763 is divided by 65050.
13
What is the remainder when 755053 is divided by 264?
13
What is the remainder when 2614773 is divided by 2446?
2445
Calculate the remainder when 473570 is divided by 2333.
2304
Calculate the remainder when 6051836 is divided by 1020.
176
Calculate the remainder when 6901495 is divided by 2150.
2145
Calculate the remainder when 1412789 is divided by 470210.
2159
What is the remainder when 2795854 is divided by 26373?
316
Calculate the remainder when 305921 is divided by 27749.
682
Calculate the remainder when 4355603 is divided by 1088856.
179
What is the remainder when 187722 is divided by 99?
18
What is the remainder when 7391 is divided by 2976?
1439
What is the remainder when 222001087 is divided by 58?
55
Calculate the remainder when 82892911 is divided by 41.
13
Calculate the remainder when 52085 is divided by 883.
871
What is the remainder when 32573 is divided by 32383?
190
Calculate the remainder when 943673 is divided by 1005.
983
What is the remainder when 58698 is divided by 4768?
1482
What is the remainder when 7818482 is divided by 495?
452
Calculate the remainder when 648146 is divided by 585.
551
What is the remainder when 6551745 is divided by 595613?
2
What is the remainder when 19073096 is divided by 4768268?
24
Calculate the remainder when 35280788 is divided by 11760221.
125
Calculate the remainder when 647946 is divided by 481.
39
Calculate the remainder when 1384187 is divided by 771.
242
Calculate the remainder when 2637224 is divided by 62791.
2
Calculate the remainder when 296445 is divided by 3529.
9
What is the remainder when 102311 is divided by 1656?
1295
Calculate the remainder when 4660288 is divided by 80.
48
Calculate the remainder when 2801324 is divided by 6951.
71
What is the remainder when 456047 is divided by 25324?
215
Calculate the remainder when 161594948 is divided by 10.
8
What is the remainder when 448644891 is divided by 3893?
3892
What is the remainder when 235929 is divided by 198?
111
Calculate the remainder when 1681825 is divided by 44258.
21
What is the remainder when 56528864 is divided by 29?
5
What is the remainder when 6812 is divided by 524?
0
Calculate the remainder when 7016315 is divided by 1459.
1443
Calculate the remainder when 415064 is divided by 2011.
798
Calculate the remainder when 1864556 is divided by 1637.
13
What is the remainder when 3747900 is divided by 26?
0
Calculate the remainder when 79797616 is divided by 177.
175
What is the remainder when 1079098 is divided by 99?
97
What is the remainder when 2620028 is divided by 187143?
26
Calculate the remainder when 155051 is divided by 51506.
533
Calculate the remainder when 208438381 is divided by 2936.
2933
What is the remainder when 2291344 is divided by 20450?
944
Calculate the remainder when 410016676 is divided by 2847338.
4
What is the remainder when 52695546 is divided by 2028?
2022
What is the remainder when 975620 is divided by 108401?
11
What is the remainder when 288021483 is divided by 197?
194
What is the remainder when 139448 is divided by 730?
18
What is the remainder when 17323492 is divided by 1299?
28
Calculate the remainder when 16871938 is divided by 78.
70
What is the remainder when 258405 is divided by 253737?
4668
Calculate the remainder when 451897 is divided by 225093.
1711
Calculate the remainder when 365632 is divided by 195.
7
Calculate the remainder when 56954155 is divided by 521.
519
What is the remainder when 9097940 is divided by 229?
228
Calculate the remainder when 990618 is divided by 495265.
88
What is the remainder when 77412605 is divided by 832?
829
What is the remainder when 97241 is divided by 19179?
1346
Calculate the remainder when 1554419160 is divided by 157.
154
Calculate the remainder when 552503 is divided by 19729.
91
Calculate the remainder when 50484075 is divided by 476.
467
Calculate the remainder when 75428 is divided by 7369.
1738
What is the remainder when 3152003 is divided by 808?
803
Calculate the remainder when 2654517 is divided by 194.
15
What is the remainder when 13987534 is divided by 79?
31
What is the remainder when 26742 is divided by 13065?
612
What is the rem